he remainder when 1305 is divided by 153?
81
What is the remainder when 80056 is divided by 440?
416
Calculate the remainder when 2210 is divided by 559.
533
What is the remainder when 36839 is divided by 207?
200
Calculate the remainder when 4008 is divided by 334.
0
What is the remainder when 45153 is divided by 11283?
21
Calculate the remainder when 7793 is divided by 458.
7
Calculate the remainder when 2034 is divided by 20.
14
Calculate the remainder when 17491 is divided by 18.
13
What is the remainder when 5161333 is divided by 161?
156
What is the remainder when 3325 is divided by 73?
40
What is the remainder when 1104584 is divided by 5?
4
Calculate the remainder when 81913 is divided by 539.
524
What is the remainder when 2275 is divided by 2274?
1
What is the remainder when 18960 is divided by 22?
18
What is the remainder when 2855 is divided by 259?
6
What is the remainder when 121399 is divided by 40449?
52
What is the remainder when 369138 is divided by 184565?
8
Calculate the remainder when 8831 is divided by 8574.
257
What is the remainder when 16506 is divided by 549?
36
Calculate the remainder when 23201 is divided by 1157.
61
What is the remainder when 36910 is divided by 29?
22
What is the remainder when 8761 is divided by 9?
4
Calculate the remainder when 5296 is divided by 240.
16
What is the remainder when 1168 is divided by 163?
27
What is the remainder when 736745 is divided by 51?
50
What is the remainder when 457 is divided by 236?
221
Calculate the remainder when 9214 is divided by 189.
142
Calculate the remainder when 71966 is divided by 52.
50
Calculate the remainder when 8108 is divided by 581.
555
Calculate the remainder when 1217 is divided by 86.
13
Calculate the remainder when 210627 is divided by 11.
10
Calculate the remainder when 670772 is divided by 24.
20
Calculate the remainder when 338180 is divided by 462.
458
What is the remainder when 363 is divided by 77?
55
What is the remainder when 6955 is divided by 20?
15
What is the remainder when 540411 is divided by 39?
27
Calculate the remainder when 7237 is divided by 7175.
62
Calculate the remainder when 47778 is divided by 47774.
4
Calculate the remainder when 278358 is divided by 15463.
24
What is the remainder when 180200 is divided by 180?
20
What is the remainder when 27322 is divided by 108?
106
Calculate the remainder when 20380 is divided by 385.
360
Calculate the remainder when 502037 is divided by 566.
561
What is the remainder when 29405 is divided by 26?
25
Calculate the remainder when 21087 is divided by 5239.
131
Calculate the remainder when 19708 is divided by 2806.
66
What is the remainder when 275788 is divided by 193?
184
What is the remainder when 1681 is divided by 124?
69
What is the remainder when 14163495 is divided by 8?
7
Calculate the remainder when 110615 is divided by 349.
331
Calculate the remainder when 10350 is divided by 280.
270
Calculate the remainder when 335149 is divided by 134.
15
Calculate the remainder when 172249 is divided by 936.
25
Calculate the remainder when 17197 is divided by 47.
42
Calculate the remainder when 205644 is divided by 51402.
36
What is the remainder when 1224 is divided by 64?
8
What is the remainder when 250949 is divided by 11?
6
What is the remainder when 1292 is divided by 623?
46
What is the remainder when 378442 is divided by 11467?
31
What is the remainder when 17216 is divided by 1708?
136
Calculate the remainder when 41948 is divided by 10465.
88
Calculate the remainder when 15680 is divided by 4248.
2936
What is the remainder when 1001 is divided by 126?
119
What is the remainder when 54790 is divided by 195?
190
Calculate the remainder when 8485 is divided by 4238.
9
What is the remainder when 4554 is divided by 1518?
0
Calculate the remainder when 434597 is divided by 259.
254
What is the remainder when 158249 is divided by 15?
14
Calculate the remainder when 13664 is divided by 333.
11
What is the remainder when 110477 is divided by 36816?
29
What is the remainder when 6912 is divided by 1144?
48
What is the remainder when 217648 is divided by 10?
8
Calculate the remainder when 7731 is divided by 227.
13
Calculate the remainder when 1415 is divided by 57.
47
Calculate the remainder when 106130 is divided by 157.
155
What is the remainder when 1460 is divided by 277?
75
What is the remainder when 3165 is divided by 1007?
144
What is the remainder when 32209 is divided by 10736?
1
Calculate the remainder when 15002 is divided by 683.
659
Calculate the remainder when 11787549 is divided by 108.
105
Calculate the remainder when 2070 is divided by 193.
140
Calculate the remainder when 19461 is divided by 19425.
36
What is the remainder when 9028 is divided by 1782?
118
What is the remainder when 338819 is divided by 81?
77
Calculate the remainder when 17590 is divided by 17561.
29
What is the remainder when 3952 is divided by 286?
234
What is the remainder when 24460 is divided by 144?
124
What is the remainder when 2499 is divided by 77?
35
Calculate the remainder when 750913 is divided by 307.
298
Calculate the remainder when 14034 is divided by 479.
143
What is the remainder when 8503 is divided by 255?
88
What is the remainder when 7312 is divided by 677?
542
What is the remainder when 34820 is divided by 161?
44
Calculate the remainder when 6250492 is divided by 256.
252
Calculate the remainder when 74045 is divided by 2.
1
What is the remainder when 6668 is divided by 1328?
28
What is the remainder when 16660 is divided by 523?
447
Calculate the remainder when 1802 is divided by 263.
224
Calculate the remainder when 1722 is divided by 931.
791
What is the remainder when 17989 is divided by 3?
1
Calculate the remainder when 85900 is divided by 186.
154
Calculate the remainder when 26128 is divided by 130.
128
What is the remainder when 52669 is divided by 229?
228
What is the remainder when 602 is divided by 34?
24
What is the remainder when 590298 is divided by 4071?
3
Calculate the remainder when 180095 is divided by 1035.
5
Calculate the remainder when 2886 is divided by 152.
150
Calculate the remainder when 27241 is divided by 139.
136
What is the remainder when 92686 is divided by 12?
10
What is the remainder when 64647 is divided by 19?
9
What is the remainder when 1246 is divided by 13?
11
What is the remainder when 61699 is divided by 10?
9
Calculate the remainder when 5872 is divided by 998.
882
What is the remainder when 24132 is divided by 28?
24
What is the remainder when 49179 is divided by 20?
19
What is the remainder when 5572 is divided by 186?
178
Calculate the remainder when 119611 is divided by 53.
43
What is the remainder when 25049 is divided by 334?
333
What is the remainder when 269152 is divided by 18?
16
Calculate the remainder when 2344 is divided by 40.
24
Calculate the remainder when 19643 is divided by 3899.
148
Calculate the remainder when 1362 is divided by 242.
152
What is the remainder when 1189628 is divided by 256?
252
What is the remainder when 12028 is divided by 16?
12
What is the remainder when 239780 is divided by 24?
20
Calculate the remainder when 54463 is divided by 592.
591
What is the remainder when 3998 is divided by 3816?
182
Calculate the remainder when 24346 is divided by 73.
37
Calculate the remainder when 17716 is divided by 1677.
946
What is the remainder when 8051 is divided by 18?
5
Calculate the remainder when 4820 is divided by 1502.
314
Calculate the remainder when 11280 is divided by 159.
150
What is the remainder when 3105147 is divided by 10?
7
What is the remainder when 93630 is divided by 154?
152
Calculate the remainder when 17101 is divided by 588.
49
Calculate the remainder when 17950 is divided by 64.
30
Calculate the remainder when 4835 is divided by 70.
5
Calculate the remainder when 3389911 is divided by 62.
61
Calculate the remainder when 6450 is divided by 723.
666
Calculate the remainder when 5923 is divided by 57.
52
What is the remainder when 245 is divided by 161?
84
What is the remainder when 15061 is divided by 683?
35
What is the remainder when 193466 is divided by 16?
10
What is the remainder when 470698 is divided by 12069?
7
What is the remainder when 20167 is divided by 2262?
2071
Calculate the 